-146*w + 150*w + 12 = 5*t. Let i(c) = c + 1. Let q(o) = 2*o + 6. Let s(m) = -3*i(m) + q(m). Give s(t).
-5
Let k(c) = 5*c - 5*c + 3 - 4*c - c**2. Suppose 5*n - 4*a = 0, -23315*n + 17 = -23318*n - a. Give k(n).
3
Suppose -3*g - 5*p + 16 = -19, 5*g = -4*p + 41. Let y(l) be the first derivative of -l**3/3 + l**2 + 4*l + 17. What is y(g)?
-11
Let s(g) = 18*g**3 - g + 1. Let l be s(1). Let a = l - -27. Let t = 39 - a. Let n(r) = -2*r - 6. Give n(t).
6
Suppose -i - i - 3*v + 21 = 0, 48 = 4*i + 4*v. Let u = i - 15. Let q(t) = u - 10 - 3*t + 2*t + 3*t. What is q(7)?
4
Let z(w) be the third derivative of w**6/120 + 13*w**5/30 + w**4 - 13*w**3/6 + 8*w**2 - 65. Calculate z(-25).
12
Let h(t) = -3*t + 19. Let z be (-4*(-9)/21)/(4 + 26/(-7)). Give h(z).
1
Let a(u) = -8*u**2 + u + 1. Let j(o) = -15*o**3 - 33*o**2 + 3*o + 6. Let l(i) = -4*a(i) + j(i). Give l(1).
-15
Suppose 0 = -108*r - 164 - 123 + 71. Let c(g) = -4*g**2 - 9*g - 7. Let i(f) = -2*f**2 - 5*f - 4. Let m(n) = 4*c(n) - 7*i(n). Calculate m(r).
-6
Let y(g) = -g**2 - 2*g - 3. Let k be y(-6). Let i be (-3 - k/6)/((-5)/20). Let s(b) = b**2 + 7*b + 8. What is s(i)?
2
Let o(h) be the third derivative of h**4/6 - h**3 - h**2. Let y = 138 + -136. Suppose y*f - 4 = -3*j, j - 4*f + 9*f + 16 = 0. What is o(j)?
10
Suppose -123*l - 22*l + 290 = 0. Suppose -5*t = -5*p + 5, 0 = -2*p + 2*t + 2*t. Let m(w) = 3 - 2*w - 2 + w**3 - 3*w + p*w. What is m(l)?
3
Let y(h) be the third derivative of -h**4/4 - h**3/6 - 2*h**2. Let v(a) = a**2 + 160*a - 42003. Let w be v(-300). What is y(w)?
17
Let s(a) = 2 + 4*a + 0*a + 3*a**3 - 2*a**3 + 11*a**2 - 4*a**2 - 15. Let g(u) = 44*u + 434. Let k be g(-10). Calculate s(k).
-1
Let t(v) be the third derivative of -1/30*v**5 + 0 + 1/3*v**3 + 0*v - 6*v**2 - 1/4*v**4 + 1/360*v**6. Let x(u) be the first derivative of t(u). Calculate x(-4).
26
Let k(f) = 3*f. Let b(u) = -u**2 - 11*u + 24. Let a(h) = b(h) + 2*k(h). Calculate a(-9).
-12
Let d(y) be the first derivative of 1/3*y**3 - 5*y - 9/2*y**2 + 80. Let u = 11 + -6. Give d(u).
-25
Let z(i) be the third derivative of -i**5/60 + 7*i**4/24 + 4*i**3/3 + 1963*i**2 + 4*i. Suppose -2*x = -3*y - 18, -5*y = 3*x - 28 + 1. What is z(x)?
-10
Let u(z) = -150*z**2 - 120 - 28*z - 158*z**2 - 149*z**2 + 44 + 456*z**2. What is u(-27)?
-49
Let a(x) = x**3 + 7*x**2 - 8*x. Let d be a(-8). Suppose d = -6*b + 7*b. Suppose 3*y = -3, -3*u + b*y + 4 = -4*y. Let k(g) = -g**2 + 1. Determine k(u).
1
Let u(k) = 11*k + 6. Let g(w) = w - 1. Let i(t) = -4*g(t) + u(t). Let h(b) = 13*b + 19. Let d(n) = -3*h(n) + 5*i(n). Determine d(-6).
17
Suppose 3 = 4*t - 1. Suppose 2*l - 4 - t = -5*k, 3*k = 2*l + 3. Let x(i) = 1 + 5*i**2 - 7 + 5 + 2*i. What is x(k)?
6
Let f(t) = -11*t + 16. Suppose 1220 = -24*j + 1268. Give f(j).
-6
Let a be (-255 + 257)*2/2. Let n(v) = -4*v**3 - 1. Give n(a).
-33
Let o be (2/24)/((-1)/(-3))*4. Let b(c) = 89*c**2 - 33*c**2 - 24*c**2 - o - 33*c**2 + 10*c. Calculate b(10).
-1
Let m be 7*(19/(-76))/((-4)/16). Let n(s) be the third derivative of -s**5/60 + s**4/4 + 5*s**3/6 + 4*s**2. Give n(m).
-2
Let y be -15 + -17 + 15 - -11. Let t(o) = o**3 + 6*o**2 + o + 12. What is t(y)?
6
Let h(n) = 5 + 9*n - 19 - 11*n - 1. Calculate h(11).
-37
Let t = 193 - 187. Suppose -t = 5*d - 3*m, 0 = -3*d - 6*m + 9*m. Let h(u) = -u - 7. Calculate h(d).
-4
Suppose -5*u + 36 = -0*u - 2*m, 3*u - 30 = 4*m. Let x be 48/10 + (-748)/935. Suppose -5*k = -b + 31, -7*b = x*k - u*b + 23. Let f(z) = -2*z - 1. Calculate f(k).
11
Let r(g) = 10*g + 1. Let w(s) = -3*s**3 + 6*s**2 - 9*s - 6. Let k be w(3). Let v = -59 - k. Calculate r(v).
11
Let y(c) = c**3 + c**2 - 16*c - 26. Let n(v) = -6*v**3 - 13*v**2 + 2*v + 5. Let g be n(-2). Calculate y(g).
4
Let w(n) = -9*n - 52. Suppose -31*c - 87 = 37. Let t(i) = -5*i - 27. Let y(r) = c*w(r) + 7*t(r). Suppose 2*x = 5*x. Give y(x).
19
Let i(s) be the third derivative of -s**6/360 + s**5/60 + 19*s**4/24 + 11*s**3/6 + s**2 - 129*s. Let m(h) be the first derivative of i(h). Give m(6).
-5
Let l(q) = 51*q - 10. Let a be l(4). Suppose -200*c = -a*c - 30. Let k(j) = -j**2 + 5*j - 10. What is k(c)?
-10
Let i(q) = 7*q - 17*q**2 - 2*q**2 + 7 + 21*q**2 + 2*q - q**2. What is i(-7)?
-7
Let x(r) = 2*r + 27. Let s be 1/(-4)*(99 - 71). Calculate x(s).
13
Let g be (-3)/15 - 41/(-5). Let n(u) = 3*u - 2392. Let m(l) = 2*l - 1495. Let x(p) = -8*m(p) + 5*n(p). What is x(g)?
-8
Let s(l) = -36 + 78 + 13*l**2 - l**3 - 30 - 7*l**2 - 12*l - 18*l**2. Calculate s(-11).
23
Suppose 5*h - 17 = -3*l, -3*l + 6*l - 4*h = -19. Let p(x) = 53*x + 2. Determine p(l).
-51
Suppose -4*r - 21 = 4*x - 53, -3*r - 25 = -4*x. Let o(z) be the third derivative of -z**6/120 + 2*z**5/15 - 5*z**4/24 - z**3/2 + 68*z**2. Calculate o(x).
11
Let s(f) be the second derivative of -f**5/20 + f**4/2 + f**3/2 + 12*f**2 - 14*f - 69. Determine s(7).
-4
Let w(t) = -25*t**2 - 5*t - 9. Let g(v) = 46*v**2 + 11*v + 24. Let c(y) = -6*g(y) - 11*w(y). Determine c(-6).
-15
Let d(o) be the third derivative of o**6/120 - 2*o**5/15 + o**4/2 - 5*o**3/6 + 446*o**2 + 6. Determine d(5).
-20
Let t(o) be the first derivative of 11*o**2/2 + 103*o + 2596. Calculate t(-10).
-7
Suppose -3*r + 2*f = -28, -55352*r + 40 = -55350*r - 4*f. Let t(k) be the first derivative of 2*k**3/3 - 5*k**2/2 - 2*k - 1. What is t(r)?
10
Let t(n) = -n**3 + 11*n**2 - 18*n + 1. Suppose -3*u + w = -31, -25*u + 3*w = -28*u + 15. Give t(u).
1
Suppose 36 = 5*g - 2*s, -2*s = -g - 0*s + 12. Suppose 0 = g*w + 2*w - 48. Let i = 0 - w. Let t(m) = -4*m - 8. Give t(i).
16
Let h(s) = -s**2 - 13*s + 21. Suppose 5*n + b + 48 = -23, -5*b - 17 = -n. Calculate h(n).
21
Let n(o) be the first derivative of o**4/4 + 2*o**3 + 4*o**2 + 3*o + 412. Suppose -4*k - 182 = 6. Let l be (-14)/(-63) - k/(-9). What is n(l)?
-12
Let p = -1 + -1. Let c be ((-14)/(-4))/(p/4). Let m(x) be the third derivative of -x**6/120 - 7*x**5/60 - 2*x**3/3 - 52945*x**2 - 2*x. Determine m(c).
-4
Let t(r) = -r + 1. Let d be t(-13). Let p be d/(-30)*-5 - (-2)/(-6). Let l(i) = 10 + 5 - 14 - p*i. Determine l(2).
-3
Let s(w) = 37*w - 10. Let f(m) = 108*m - 29. Let x(o) = 6*f(o) - 17*s(o). Let r = 4 - 11. Let h(d) = 6*d - 1. Let n(a) = r*h(a) + 2*x(a). Determine n(-3).
11
Let v be (3 - (-1 - -1)) + -1. Let t(z) = -6 + 0*z - v*z + z. Let k(n) = -5*n**3 + 6*n**2 - n. Let q be k(1). Determine t(q).
-6
Let r be (390/550 - (-4)/(-5))/(1/(-11)). Let x(a) be the first derivative of -a**2 + 5/4*a**4 + 2/3*a**3 + 4 + a. Calculate x(r).
6
Let z be 6/10 + (-30)/50. Suppose z*g + 2*h = -2*g + 12, h - 5 = 0. Let p(q) be the third derivative of -q**4/12 + q**3/6 - 4*q**2. Give p(g).
-1
Let n(z) be the first derivative of -56 + 3*z + 3/2*z**2. What is n(-7)?
-18
Let i(h) be the third derivative of -h + 1/20*h**5 + 0 + 0*h**4 - 1/20*h**6 - 1/3*h**3 + 5*h**2. Determine i(2).
-38
Let l(u) = -u**2 - 11*u + 23. Let w be 1/(8 - -97*(-2)/24). Give l(w).
11
Let i = 38 - 99. Suppose 19*t + 58 = -x + 14*t, 3*t - 262 = 5*x. Let j = x - i. Let b(y) = y**3 - 7*y**2 - 9*y + 3. Calculate b(j).
-5
Let t be -29 - -12 - -29 - (3 - -4). Let n(f) = 2*f**3 - 11*f**2 + 9*f - 11. Give n(t).
9
Let j(x) = 2*x**2 - 39*x - 12. Let o be 17/1 - (-84)/308*11. Calculate j(o).
8
Suppose -12 = -c + 5*n - 2*n, -2*n = 2*c. Let q(p) = -18*p**2 - p + 4. Let g(w) = -4*w**2 + 1. Let o(l) = -15*g(l) + 3*q(l). Give o(c).
42
Let h(q) be the second derivative of -q**3/3 - 34*q**2 + 4990*q. Give h(-23).
-22
Let y(q) = 2*q**2 - 3. Let c(m) = -8*m**2 + 13. Let d(t) = 2*c(t) + 9*y(t). Let o(g) = -9*g**2 - 6*g + 24. Let r(p) = 4*d(p) + o(p). Calculate r(-9).
-7
Let j = -2465 + 2452. Let n(q) = -6*q + 0*q - 16 + 5*q. Determine n(j).
-3
Let x(f) = -f + 1. Let y(s) = s + 3573 - 3562 - 2*s. Let d be y(9). Give x(d).
-1
Let p(f) = -f**2 + 167*f - 1128. Let v be p(7). Let j(i) = 16*i**2 + 19*i - 55. Let s(k) = 3*k**2 + 4*k - 11. Let h(w) = 2*j(w) - 11*s(w). Calculate h(v).
-5
Let m(p) be the second derivative of -p**5/20 + p**4/2 + 7*p**3/6 - 11*p**2/2 - 34*p - 8. Calculate m(7).
-11
Let r be (10/(-1505)*-43)/(80/14). Let q(t) be the second derivative of 1/6*t**3 + 0*t**4 + 0 + 7*t - r*t**5 + 0*t**2. Determine q(-2).
6
Let w(y) = 4*y - 1. Let m(j) = -j**3 - 18*j**2 + 4*j + 19. Let q be m(-18). Let d = q + 48. Give w(d).
-21
Let j(g) be the second derivative of -g**6/120 - 2*